{"id":3063,"date":"2021-05-08T13:21:39","date_gmt":"2021-05-08T11:21:39","guid":{"rendered":"http:\/\/www.alpenclub-gerliswil.ch\/wp\/?page_id=3063"},"modified":"2021-05-08T13:21:39","modified_gmt":"2021-05-08T11:21:39","slug":"aargauer-aussichtsweg","status":"publish","type":"page","link":"https:\/\/www.alpenclub-gerliswil.ch\/wp\/fotos-berichte\/tourenberichte\/aargauer-aussichtsweg\/","title":{"rendered":"Aargauer Aussichtsweg"},"content":{"rendered":"\n<p><span style=\"color:#0112ae\" class=\"has-inline-color\"><strong>Aargauer Aussichtsweg <\/strong>Sch\u00f6ftland \u2013 Beinwil am See<\/span><\/p>\n\n\n\n<p>Samstag, 24. April 2021<\/p>\n\n\n\n<p>Leitung: Marlis Schl\u00e4pfer<\/p>\n\n\n\n<p>3 Anl\u00e4ufe waren n\u00f6tig, bis Marlis Schl\u00e4pfer die abwechslungsreiche Wanderung von 5 Stunden durchf\u00fchren konnte. Und es hat sich gelohnt sich zu gedulden, und wie!! Das Wetter war uns hold.<\/p>\n\n\n\n<p>Eine Gruppe von erlaubten 15 Personen treffen sich in Sursee Bahnhof und fahren dann weiter mit dem Postauto nach Sch\u00f6ftland durchs l\u00e4ndliche Suhrental. Die Route f\u00fchrt uns von hier durch satte Wiesen und lichte W\u00e4lder. Die Bl\u00e4tter der Buchen sind noch zartgr\u00fcn und die Wiesen leuchten von L\u00f6wenzahn und k\u00fcnden uns den Fr\u00fchling an. Die h\u00fcgelige Landschaft, die Ruhe und die Weitsicht erfreuen unsere Gem\u00fcter. Bald schon finden wir ein gem\u00fctliches Pl\u00e4tzli f\u00fcr den mitgetragenen Ap\u00e9ro. Tuusig Dank, liebe Marlis, f\u00fcr den feinen Yvorne und die knusprige Focaccia. Vor Gontenschwil dann, nach weiteren anderthalb Stunden Marsch gibt es die Mittagspause. Beim Weitergehen bewundern wir die sch\u00f6nen H\u00e4user und die gepflegten G\u00e4rten. Nach Zetzwil heisst es dann tief durchschnaufen. Uns steht ein steiler Weg bis zum Homberg bevor. Nat\u00fcrlich wird das von unserer fitten Gruppe bestens gemeistert. Kurz darauf erreichen wir die Hochwacht mit dem hohen Turm. Die Panorama-Aussicht ist ph\u00e4nomenal. Eine letzte Pause, bevor es dann wieder abw\u00e4rts nach Beinwil geht. Wir geniessen dabei nochmals die wundersch\u00f6ne Sicht \u00fcber den Hallwiler- und Baldeggersee und die Berge am Horizont. Mit dem Ersatzbus der SBB fahren wir zufrieden und frohgemut nach Hause. Danke Marlis f\u00fcr die tolle Organisation. Das war echt eine sch\u00f6ne Fr\u00fchlingstour, die wir genossen haben.<\/p>\n\n\n\n<p>Dabei waren Marlis, Emilie und Beni, Regi und Robi, Martha und Erich, Martha Waller, Margrith Lang, Klaus, Silvana, Traugott, Esther, Sonja und Lisbeth.<\/p>\n\n\n\n<p><strong><a href=\"https:\/\/photos.app.goo.gl\/14ZnfagXNrJ9g7p96\" data-type=\"URL\" data-id=\"https:\/\/photos.app.goo.gl\/14ZnfagXNrJ9g7p96\" target=\"_blank\" rel=\"noreferrer noopener\">FOTOS<\/a><\/strong><\/p>\n\n\n\n<p><em>Bericht: Lisbeth B\u00fchlmann<\/em><br><em>Fotos: Teilnehmer<\/em><\/p>\n","protected":false},"excerpt":{"rendered":"<p>Aargauer Aussichtsweg Sch\u00f6ftland \u2013 Beinwil am See Samstag, 24. April 2021 Leitung: Marlis Schl\u00e4pfer 3 Anl\u00e4ufe waren n\u00f6tig, bis Marlis Schl\u00e4pfer die abwechslungsreiche Wanderung von 5 Stunden durchf\u00fchren konnte. Und es hat sich gelohnt sich zu gedulden, und wie!! Das Wetter war uns hold. Eine Gruppe von erlaubten 15 Personen treffen sich in Sursee Bahnhof [&hellip;]<\/p>\n","protected":false},"author":2,"featured_media":0,"parent":375,"menu_order":0,"comment_status":"closed","ping_status":"closed","template":"","meta":{"footnotes":""},"class_list":["post-3063","page","type-page","status-publish","hentry"],"jetpack_shortlink":"https:\/\/wp.me\/P2UVFM-Np","jetpack_sharing_enabled":true,"_links":{"self":[{"href":"https:\/\/www.alpenclub-gerliswil.ch\/wp\/wp-json\/wp\/v2\/pages\/3063","targetHints":{"allow":["GET"]}}],"collection":[{"href":"https:\/\/www.alpenclub-gerliswil.ch\/wp\/wp-json\/wp\/v2\/pages"}],"about":[{"href":"https:\/\/www.alpenclub-gerliswil.ch\/wp\/wp-json\/wp\/v2\/types\/page"}],"author":[{"embeddable":true,"href":"https:\/\/www.alpenclub-gerliswil.ch\/wp\/wp-json\/wp\/v2\/users\/2"}],"replies":[{"embeddable":true,"href":"https:\/\/www.alpenclub-gerliswil.ch\/wp\/wp-json\/wp\/v2\/comments?post=3063"}],"version-history":[{"count":1,"href":"https:\/\/www.alpenclub-gerliswil.ch\/wp\/wp-json\/wp\/v2\/pages\/3063\/revisions"}],"predecessor-version":[{"id":3064,"href":"https:\/\/www.alpenclub-gerliswil.ch\/wp\/wp-json\/wp\/v2\/pages\/3063\/revisions\/3064"}],"up":[{"embeddable":true,"href":"https:\/\/www.alpenclub-gerliswil.ch\/wp\/wp-json\/wp\/v2\/pages\/375"}],"wp:attachment":[{"href":"https:\/\/www.alpenclub-gerliswil.ch\/wp\/wp-json\/wp\/v2\/media?parent=3063"}],"curies":[{"name":"wp","href":"https:\/\/api.w.org\/{rel}","templated":true}]}}

<p><span style="color:#0112ae" class="has-inline-color"><strong>Aargauer Aussichtsweg </strong>Schöftland – Beinwil am See</span></p>



<p>Samstag, 24. April 2021</p>



<p>Leitung: Marlis Schläpfer</p>



<p>3 Anläufe waren nötig, bis Marlis Schläpfer die abwechslungsreiche Wanderung von 5 Stunden durchführen konnte. Und es hat sich gelohnt sich zu gedulden, und wie!! Das Wetter war uns hold.</p>



<p>Eine Gruppe von erlaubten 15 Personen treffen sich in Sursee Bahnhof und fahren dann weiter mit dem Postauto nach Schöftland durchs ländliche Suhrental. Die Route führt uns von hier durch satte Wiesen und lichte Wälder. Die Blätter der Buchen sind noch zartgrün und die Wiesen leuchten von Löwenzahn und künden uns den Frühling an. Die hügelige Landschaft, die Ruhe und die Weitsicht erfreuen unsere Gemüter. Bald schon finden wir ein gemütliches Plätzli für den mitgetragenen Apéro. Tuusig Dank, liebe Marlis, für den feinen Yvorne und die knusprige Focaccia. Vor Gontenschwil dann, nach weiteren anderthalb Stunden Marsch gibt es die Mittagspause. Beim Weitergehen bewundern wir die schönen Häuser und die gepflegten Gärten. Nach Zetzwil heisst es dann tief durchschnaufen. Uns steht ein steiler Weg bis zum Homberg bevor. Natürlich wird das von unserer fitten Gruppe bestens gemeistert. Kurz darauf erreichen wir die Hochwacht mit dem hohen Turm. Die Panorama-Aussicht ist phänomenal. Eine letzte Pause, bevor es dann wieder abwärts nach Beinwil geht. Wir geniessen dabei nochmals die wunderschöne Sicht über den Hallwiler- und Baldeggersee und die Berge am Horizont. Mit dem Ersatzbus der SBB fahren wir zufrieden und frohgemut nach Hause. Danke Marlis für die tolle Organisation. Das war echt eine schöne Frühlingstour, die wir genossen haben.</p>



<p>Dabei waren Marlis, Emilie und Beni, Regi und Robi, Martha und Erich, Martha Waller, Margrith Lang, Klaus, Silvana, Traugott, Esther, Sonja und Lisbeth.</p>



<p><strong><a href="https://photos.app.goo.gl/14ZnfagXNrJ9g7p96" data-type="URL" data-id="https://photos.app.goo.gl/14ZnfagXNrJ9g7p96" target="_blank" rel="noreferrer noopener">FOTOS</a></strong></p>



<p><em>Bericht: Lisbeth Bühlmann</em><br><em>Fotos: Teilnehmer</em></p>

<p>Aargauer Aussichtsweg Schöftland – Beinwil am See Samstag, 24. April 2021 Leitung: Marlis Schläpfer 3 Anläufe waren nötig, bis Marlis Schläpfer die abwechslungsreiche Wanderung von 5 Stunden durchführen konnte. Und es hat sich gelohnt sich zu gedulden, und wie!! Das Wetter war uns hold. Eine Gruppe von erlaubten 15 Personen treffen sich in Sursee Bahnhof [&hellip;]</p>
